ts digit of 1412?
2
What is the tens digit of 9290?
9
What is the hundreds digit of 2115?
1
What is the units digit of 796?
6
What is the hundreds digit of 1974?
9
What is the tens digit of 1028?
2
What is the hundreds digit of 458?
4
What is the units digit of 698?
8
What is the hundreds digit of 1645?
6
What is the thousands digit of 189465?
9
What is the thousands digit of 5844?
5
What is the hundreds digit of 2418?
4
What is the hundreds digit of 601?
6
What is the hundreds digit of 42831?
8
What is the thousands digit of 87489?
7
What is the hundreds digit of 1953?
9
What is the tens digit of 1663?
6
What is the tens digit of 45898?
9
What is the thousands digit of 3016?
3
What is the ten thousands digit of 23251?
2
What is the hundreds digit of 129353?
3
What is the tens digit of 277?
7
What is the thousands digit of 48864?
8
What is the tens digit of 17187?
8
What is the hundreds digit of 10538?
5
What is the hundreds digit of 2197?
1
What is the units digit of 10847?
7
What is the units digit of 136?
6
What is the tens digit of 2153?
5
What is the hundreds digit of 126684?
6
What is the units digit of 7801?
1
What is the ten thousands digit of 53650?
5
What is the thousands digit of 3859?
3
What is the units digit of 19933?
3
What is the hundreds digit of 878?
8
What is the units digit of 11121?
1
What is the thousands digit of 25167?
5
What is the thousands digit of 10018?
0
What is the tens digit of 102669?
6
What is the thousands digit of 24829?
4
What is the thousands digit of 2749?
2
What is the hundreds digit of 3197?
1
What is the units digit of 1045?
5
What is the tens digit of 4556?
5
What is the hundreds digit of 30443?
4
What is the hundreds digit of 63631?
6
What is the units digit of 130?
0
What is the hundreds digit of 6224?
2
What is the hundreds digit of 908?
9
What is the units digit of 4230?
0
What is the hundreds digit of 3169?
1
What is the thousands digit of 31547?
1
What is the hundreds digit of 3584?
5
What is the units digit of 1677?
7
What is the hundreds digit of 17641?
6
What is the units digit of 31132?
2
What is the hundreds digit of 5990?
9
What is the tens digit of 29749?
4
What is the units digit of 206?
6
What is the units digit of 12564?
4
What is the thousands digit of 4365?
4
What is the units digit of 411?
1
What is the ten thousands digit of 18559?
1
What is the thousands digit of 11516?
1
What is the hundreds digit of 79209?
2
What is the units digit of 1914?
4
What is the ten thousands digit of 11691?
1
What is the tens digit of 29489?
8
What is the units digit of 430?
0
What is the hundred thousands digit of 125490?
1
What is the tens digit of 7291?
9
What is the tens digit of 43020?
2
What is the units digit of 19887?
7
What is the tens digit of 77516?
1
What is the ten thousands digit of 14385?
1
What is the tens digit of 373?
7
What is the hundreds digit of 11024?
0
What is the ten thousands digit of 30055?
3
What is the units digit of 57049?
9
What is the tens digit of 9034?
3
What is the units digit of 8570?
0
What is the thousands digit of 3805?
3
What is the units digit of 101417?
7
What is the tens digit of 1277?
7
What is the ten thousands digit of 88114?
8
What is the ten thousands digit of 15487?
1
What is the tens digit of 8199?
9
What is the hundreds digit of 334?
3
What is the tens digit of 94861?
6
What is the units digit of 12311?
1
What is the ten thousands digit of 11904?
1
What is the tens digit of 20027?
2
What is the hundreds digit of 372?
3
What is the thousands digit of 8244?
8
What is the units digit of 469?
9
What is the hundreds digit of 151121?
1
What is the tens digit of 1157?
5
What is the units digit of 462?
2
What is the hundreds digit of 4681?
6
What is the hundreds digit of 3434?
4
What is the thousands digit of 9016?
9
What is the thousands digit of 121839?
1
What is the thousands digit of 7461?
7
What is the hundreds digit of 6237?
2
What is the tens digit of 265?
6
What is the units digit of 31915?
5
What is the hundreds digit of 393?
3
What is the units digit of 53890?
0
What is the hundreds digit of 237?
2
What is the units digit of 5783?
3
What is the tens digit of 1496?
9
What is the tens digit of 1201?
0
What is the tens digit of 1033?
3
What is the tens digit of 72828?
2
What is the hundreds digit of 4674?
6
What is the tens digit of 368?
6
What is the hundreds digit of 20069?
0
What is the hundreds digit of 711?
7
What is the thousands digit of 8463?
8
What is the hundreds digit of 1761?
7
What is the tens digit of 2390?
9
What is the tens digit of 216?
1
What is the tens digit of 39335?
3
What is the ten thousands digit of 47963?
4
What is the hundreds digit of 30812?
8
What is the tens digit of 1864?
6
What is the thousands digit of 8390?
8
What is the ten thousands digit of 67975?
6
What is the units digit of 648?
8
What is the tens digit of 2316?
1
What is the tens digit of 11784?
8
What is the ten thousands digit of 47706?
4
What is the units digit of 2228?
8
What is the tens digit of 924?
2
What is the hundreds digit of 92710?
7
What is the tens digit of 220?
2
What is the tens digit of 2622?
2
What is the thousands digit of 2406?
2
What is the hundreds digit of 2895?
8
What is the units digit of 15?
5
What is the units digit of 2678?
8
What is the thousands digit of 6854?
6
What is the tens digit of 15766?
6
What is the hundreds digit of 11566?
5
What is the units digit of 110?
0
What is the hundreds digit of 850?
8
What is the thousands digit of 13202?
3
What is the thousands digit of 23592?
3
What is the units digit of 37374?
4
What is the hundreds digit of 62195?
1
What is the units digit of 25788?
8
What is the tens digit of 42330?
3
What is the thousands digit of 7404?
7
What is the units digit of 241?
1
What is the tens digit of 8662?
6
What is the units digit of 988?
8
What is the hundreds digit of 2148?
1
What is the thousands digit of 4241?
4
What is the hundreds digit of 12346?
3
What is the hundreds digit of 16474?
4
What is the tens digit of 12052?
5
What is the tens digit of 1212?
1
What is the tens digit of 6517?
1
What is the units digit of 31607?
7
What is the units digit of 30394?
4
What is the ten thousands digit of 62914?
6
What is the units digit of 1117?
7
What is the thousands digit of 4426?
4
What is the units digit of 2950?
0
What is the thousands digit of 3225?
3
What is the units digit of 471?
1
What is the tens digit of 10775?
7
What is the thousands digit of 1336?
1
What is the tens digit of 4254?
5
What is the thousands digit of 2495?
2
What is the tens digit of 55084?
8
What is the units digit of 39777?
7
What is the tens digit of 2878?
7
What is the thousands digit of 3178?
3
What is the hundreds digit of 44097?
0
What is the units digit of 1882?
2
What is the thousands digit of 10629?
0
What is the tens digit of 2147?
4
What is the ten thousands digit of 28384?
2
What is the units digit of 8410?
0
What is the thousands digit of 26612?
6
What is the units digit of 19937?
7
What is the ten thousands digit of 14314?
1
What is the hundreds digit of 249?
2
What is the thousands digit of 1020?
1
What is the thousands digit of 8152?
8
What is the ten thousands digit of 11263?
1
What is the thousands digit of 1098?
1
What is the hundreds digit of 862?
8
What is the thousands digit of 2508?
2
What is the tens digit of 1251?
5
What is the hundreds digit of 124945?
9
What is the tens digit of 1364?
6
What is the units digit of 4504?
4
What is the thousands digit of 1214?
1
What is the thousands digit of 1694?
1
What is the units digit of 3944?
4
What is the thousands digit of 89700?
9
What is the tens digit of 4174?
7
What is the tens digit of 561?
6
What is the thousands digit of 8777?
8
What is the thousands digit of 28287?
8
What is the thousands digit of 29738?
9
What is the thousands digit of 5084?
5
What is the units digit of 8062?
2
What is the thousands digit of 10161?
0
What is the ten thousands digit of 48541?
4
What is the units digit of 719?
9
What is the hundreds digit of 9700?
7
What is the units digit of 11552?
2
What is the tens digit of 1184?
8
What is the hundreds digit of 10968?
9
What is the tens digit of 399?
9
What is the hundreds digit of 38052?
0
What is the thousands digit of 34232?
4
What is the